89832?
8
What is the hundred thousands digit of 549962?
5
What is the units digit of 5998854?
4
What is the tens digit of 97578?
7
What is the ten thousands digit of 1957158?
5
What is the hundreds digit of 4056924?
9
What is the hundreds digit of 872936?
9
What is the tens digit of 3345555?
5
What is the tens digit of 46949?
4
What is the tens digit of 191659?
5
What is the tens digit of 52164?
6
What is the units digit of 187453?
3
What is the millions digit of 2425024?
2
What is the hundred thousands digit of 894199?
8
What is the millions digit of 32412563?
2
What is the ten thousands digit of 37303357?
0
What is the thousands digit of 2004347?
4
What is the millions digit of 16474727?
6
What is the ten thousands digit of 120003?
2
What is the thousands digit of 458402?
8
What is the hundred thousands digit of 317386?
3
What is the hundreds digit of 4925820?
8
What is the millions digit of 1713609?
1
What is the ten thousands digit of 7523727?
2
What is the thousands digit of 559659?
9
What is the ten thousands digit of 23770426?
7
What is the units digit of 7979157?
7
What is the thousands digit of 2794267?
4
What is the hundred thousands digit of 375534?
3
What is the units digit of 493364?
4
What is the hundreds digit of 102048?
0
What is the ten thousands digit of 312950?
1
What is the ten thousands digit of 522946?
2
What is the hundreds digit of 243805?
8
What is the ten thousands digit of 97683?
9
What is the tens digit of 77335?
3
What is the tens digit of 6941342?
4
What is the millions digit of 2331230?
2
What is the thousands digit of 788262?
8
What is the thousands digit of 1452439?
2
What is the hundred thousands digit of 131891?
1
What is the thousands digit of 14964314?
4
What is the units digit of 882866?
6
What is the thousands digit of 12741414?
1
What is the thousands digit of 292770?
2
What is the ten thousands digit of 705832?
0
What is the ten millions digit of 11975569?
1
What is the thousands digit of 190007?
0
What is the ten thousands digit of 39869345?
6
What is the thousands digit of 3780905?
0
What is the tens digit of 1839449?
4
What is the millions digit of 5033365?
5
What is the tens digit of 236521?
2
What is the units digit of 269006?
6
What is the millions digit of 1249142?
1
What is the millions digit of 18484100?
8
What is the millions digit of 24130261?
4
What is the hundreds digit of 243100?
1
What is the thousands digit of 11641940?
1
What is the units digit of 103777?
7
What is the units digit of 1963412?
2
What is the hundreds digit of 203206?
2
What is the hundred thousands digit of 184658?
1
What is the thousands digit of 303788?
3
What is the units digit of 10239138?
8
What is the thousands digit of 7339658?
9
What is the ten thousands digit of 15062552?
6
What is the ten thousands digit of 937157?
3
What is the ten thousands digit of 1297166?
9
What is the ten thousands digit of 422619?
2
What is the tens digit of 986821?
2
What is the tens digit of 192030?
3
What is the hundreds digit of 9712?
7
What is the hundreds digit of 389684?
6
What is the hundreds digit of 409168?
1
What is the tens digit of 344899?
9
What is the hundred thousands digit of 16231273?
2
What is the hundreds digit of 1082968?
9
What is the ten thousands digit of 8280301?
8
What is the ten thousands digit of 1283197?
8
What is the tens digit of 1406049?
4
What is the hundred thousands digit of 424619?
4
What is the units digit of 288618?
8
What is the ten thousands digit of 2761048?
6
What is the hundreds digit of 7874864?
8
What is the hundred thousands digit of 1268739?
2
What is the tens digit of 20308419?
1
What is the millions digit of 5932546?
5
What is the tens digit of 8506531?
3
What is the units digit of 292532?
2
What is the tens digit of 6115?
1
What is the units digit of 44354?
4
What is the units digit of 2088719?
9
What is the thousands digit of 192343?
2
What is the millions digit of 1592301?
1
What is the hundreds digit of 228164?
1
What is the hundreds digit of 603463?
4
What is the millions digit of 1111233?
1
What is the ten thousands digit of 2241378?
4
What is the units digit of 124974?
4
What is the thousands digit of 39250?
9
What is the hundred thousands digit of 4407948?
4
What is the ten thousands digit of 511678?
1
What is the units digit of 1215684?
4
What is the ten millions digit of 10635638?
1
What is the hundreds digit of 17506522?
5
What is the tens digit of 11789168?
6
What is the ten thousands digit of 436463?
3
What is the tens digit of 1330455?
5
What is the units digit of 587161?
1
What is the ten thousands digit of 34242859?
4
What is the hundreds digit of 398112?
1
What is the units digit of 632481?
1
What is the tens digit of 7339034?
3
What is the ten thousands digit of 13816?
1
What is the hundred thousands digit of 257127?
2
What is the hundred thousands digit of 2304204?
3
What is the tens digit of 224811?
1
What is the millions digit of 1311846?
1
What is the thousands digit of 800470?
0
What is the ten thousands digit of 178322?
7
What is the tens digit of 182122?
2
What is the ten thousands digit of 464714?
6
What is the millions digit of 6409211?
6
What is the thousands digit of 185873?
5
What is the tens digit of 305444?
4
What is the units digit of 1165194?
4
What is the hundreds digit of 5304625?
6
What is the hundreds digit of 131837?
8
What is the hundred thousands digit of 3355527?
3
What is the units digit of 17993461?
1
What is the tens digit of 14683936?
3
What is the ten thousands digit of 362479?
6
What is the units digit of 26695780?
0
What is the millions digit of 2297599?
2
What is the hundreds digit of 5566631?
6
What is the units digit of 270714?
4
What is the hundreds digit of 933970?
9
What is the ten thousands digit of 1037443?
3
What is the tens digit of 1797760?
6
What is the hundred thousands digit of 18799929?
7
What is the millions digit of 1246343?
1
What is the ten thousands digit of 430740?
3
What is the hundred thousands digit of 204411?
2
What is the tens digit of 291462?
6
What is the thousands digit of 423429?
3
What is the units digit of 305269?
9
What is the thousands digit of 8442668?
2
What is the thousands digit of 1798565?
8
What is the tens digit of 5274113?
1
What is the hundred thousands digit of 5638492?
6
What is the tens digit of 930101?
0
What is the hundred thousands digit of 173872?
1
What is the tens digit of 28343530?
3
What is the hundreds digit of 327223?
2
What is the tens digit of 840503?
0
What is the ten thousands digit of 679307?
7
What is the units digit of 4321665?
5
What is the millions digit of 18897973?
8
What is the hundreds digit of 259527?
5
What is the tens digit of 901574?
7
What is the tens digit of 475417?
1
What is the hundreds digit of 339307?
3
What is the tens digit of 1931555?
5
What is the tens digit of 407490?
9
What is the hundred thousands digit of 2028771?
0
What is the units digit of 2071510?
0
What is the ten thousands digit of 755196?
5
What is the millions digit of 3063615?
3
What is the ten thousands digit of 241496?
4
What is the ten thousands digit of 1437113?
3
What is the hundred thousands digit of 243044?
2
What is the units digit of 571547?
7
What is the tens digit of 4969947?
4
What is the units digit of 17923?
3
What is the ten thousands digit of 2598168?
9
What is the tens digit of 8400962?
6
What is the hundred thousands digit of 1147954?
1
What is the millions digit of 5857544?
5
What is the hundreds digit of 4292067?
0
What is the tens digit of 4580983?
8
What is the ten thousands digit of 24306?
2
What is the tens digit of 315191?
9
What is the millions digit of 2517721?
2
What is the ten thousands digit of 152461?
5
What is the hundreds digit of 22731948?
9
What is the hundreds digit of 362470?
4
What is the hundred thousands digit of 27425721?
4
What is the hundreds digit of 213343?
3
What is the millions digit of 3152809?
3
What is the units digit of 607457?
7
What is the ten millions digit of 10459086?
1
What is the hundreds digit of 9156202?
2
What is the tens digit of 88213?
1
What is the hundreds digit of 22788?
7
What is the millions digit of 1294139?
1
What is the thousands digit of 7295262?
5
What is the millions digit of 2188639?
2
What is the millions digit of 673